q be f(-7). Let h be 31/(q/48*-2). Let x = -142 - h. Is x composite?
True
Let x be (3 - 13/5) + 112/20. Is x/(-27) - (-2)/(18/1829) prime?
False
Let y = -1597 + 52. Let i = 2942 + y. Is i a composite number?
True
Let o(g) = g**3 - 23*g**2 + 38*g - 5. Is o(23) a prime number?
False
Let k = -22 - -37. Suppose k = -3*z, 2*z = 4*v - 4 - 6. Suppose 5*x = 2*n - v*x - 77, -4*n + x = -181. Is n prime?
False
Suppose -241 = -2*x + 253. Is x a prime number?
False
Suppose -1432062 = -44*s - 440038. Is s a composite number?
True
Suppose 5*w - 4*w - 4*t = 23, 4 = -2*w - 2*t. Suppose -381 = -w*p + 222. Is p a prime number?
False
Let y = 3 + -1. Suppose -10 + y = -2*j. Suppose j*a - 4*l = 248, -4*l + 0*l + 288 = 4*a. Is a prime?
True
Let w(y) = -y**3 + y**2 + 9*y + 5. Let t be w(-7). Let v(l) = l**3 - 24*l**2 + 14*l + 12. Let b be v(23). Let j = b + t. Is j a composite number?
False
Suppose 10*y + 11*y - 283773 = 0. Is y prime?
True
Let n be 1/(2/(-18)*(-1 + -2)). Suppose -m = a - 3273, -n*m = -m + a - 6542. Is m a composite number?
True
Suppose -3*n = -4*u - 6681, 0 = n - 7*u + 9*u - 2237. Is n a composite number?
True
Suppose g = 7 - 4. Suppose -5*p = -g*s - 2*p + 3828, 2*s + 4*p - 2558 = 0. Is s a composite number?
False
Suppose t - 865 = 4*a - 9*a, 0 = 4*a - 5*t - 721. Suppose -a*u + 1635 = -171*u. Is u composite?
True
Suppose 0 = -3*a - 6 + 75. Suppose -2*d - 3*y = -1, 0*y = -4*d + y + a. Is (-2)/d - (-12947)/55 composite?
True
Let y(r) = -r**2 - 2*r. Let d be y(-4). Let k be 652 - d*2/4. Let q = k + -165. Is q composite?
False
Is (-132)/(-1782) - 13633/(-27) a prime number?
False
Let t be 12*5 + (5 - 4)*-2. Let h = 709 + t. Is h composite?
True
Suppose 0 = -3*s - 2*f + 18, -2*f - 29 = -4*s - 5. Let g(c) = -8*c - s + 2*c - 2*c - 1. Is g(-5) a prime number?
False
Let o = 19 + -21. Is (4/3)/(o*1/(-129)) prime?
False
Let n(m) = -211*m - 16. Let k(p) = 212*p + 16. Let o(b) = 6*k(b) + 5*n(b). Is o(7) composite?
True
Is (-2340)/(-1) - 1 - (-309 + 315) composite?
False
Is (2260/2 + 7)*(-2)/(-3) composite?
True
Let s = 1082 - 715. Suppose -2*t + s + 247 = 0. Is t composite?
False
Let x(k) = 133*k - 149. Is x(4) a prime number?
True
Let b = -18991 + 34960. Is b a composite number?
True
Suppose -81*o + 89*o - 77128 = 0. Is o composite?
True
Suppose -27371 - 14079 = -10*d. Is d composite?
True
Let c(x) = -3*x. Let t be c(2). Is (t - -8)/((-4)/(-646)) composite?
True
Let m be (-2)/(-10) + ((-119664)/(-20))/(-6). Suppose 0 = a - 12 - 9. Is (-28)/a - m/3 a composite number?
False
Let z(j) = 2*j - 9. Let t be z(-6). Is ((-70)/(-21))/((-2)/t) prime?
False
Let i be -2 - -2 - 10*325. Let o = -355 - i. Is 2/7 + o/35 prime?
True
Suppose 2*d - 4*d - 678 = 0. Let s = d - -530. Is s a composite number?
False
Let d(a) = -31*a**3 + 7*a**2 + a + 66. Is d(-7) a composite number?
True
Let r(l) = 3*l**2 - 8*l + 16. Let z be r(-8). Let w = z + -189. Is w a prime number?
True
Suppose -4*q - 4429 = -o, 3*o - 9*q - 13232 = -8*q. Is o composite?
False
Let c(v) = -133*v - 98. Is c(-19) a composite number?
True
Let c(p) = 87*p**2 + 12*p - 41. Is c(6) composite?
False
Let a(w) be the second derivative of -w**5/10 + 13*w**4/12 + 7*w**3/6 - w**2 - 2*w. Let k(p) = -p**3. Let u(i) = a(i) - 3*k(i). Is u(-11) a composite number?
False
Let w(x) = -x**3 + x**2 - 2*x - 1. Let k be w(7). Let v be (-12)/8*(359 + -11). Let n = k - v. Is n a composite number?
True
Is 5 - 19/(19/(-348)) prime?
True
Suppose -2*t - 14 = -5*f, -4*f = -0*f - 5*t - 18. Suppose -y + 2361 = f*y. Is y prime?
True
Let n = 34 - 34. Suppose -66*q + 63*q + 357 = n. Is q a prime number?
False
Let v = -1237 - -3998. Is v prime?
False
Let w(n) be the third derivative of n**5/40 + n**4/6 + 7*n**3/6 - 10*n**2. Let f(a) be the first derivative of w(a). Is f(5) a prime number?
True
Let n(q) = -36*q**3 + q**2 + 2*q + 1. Let p = -16 - -15. Let y be n(p). Suppose -y - 32 = -2*t. Is t a prime number?
False
Let x = -2386 + 17825. Is x a composite number?
False
Let v = -20 - -21. Let b = v + 1. Is 126 - ((0 - b) + 1) a composite number?
False
Suppose 2*p = -2*p. Let j = 35 - 30. Suppose v + 4*h = 3*v - 318, p = -5*v + j*h + 770. Is v a prime number?
True
Suppose -j = -2*h + 5937, 3*h - 9018 + 110 = 4*j. Suppose 3*c - 791 = h. Is c a prime number?
False
Suppose 0 = 5*o + 25, -2*d + 5*d - 2*o - 262 = 0. Suppose d*k - 89*k = -1885. Is k a composite number?
True
Suppose 38*r = 53*r - 169755. Is r prime?
True
Suppose -12*s - 33*s = -74565. Is s composite?
False
Let w(y) = -25*y - 55. Is w(-50) composite?
True
Suppose -3 = 9*i - 3. Suppose 2*x - 1665 - 109 = i. Is x prime?
True
Let a(y) = y**2 - 16*y + 2. Let r be a(16). Suppose -r*h = -3*h + 7. Is 118 + 1 - (3 - h) prime?
False
Suppose 0 = -3*g - g - 5*h + 11409, -5*g - h + 14235 = 0. Is g prime?
False
Let v = 480 + -290. Let r be (6 + 85/(-15))/((-2)/786). Let u = v + r. Is u composite?
False
Let i be (-92)/(-20) - (-4)/10. Suppose z + 5888 = -j + i*j, j = z + 1475. Is j composite?
False
Suppose 2*m - 5817 = 241. Is m a prime number?
False
Let y(r) = 5*r**2 + 48*r + 8. Suppose 10*v + 102 = -88. Is y(v) a prime number?
False
Suppose -o = -2*b + 9431, 4*o + 31142 = 5*b + 7569. Is b a prime number?
False
Let y(w) = -661*w + 9. Let s be y(-5). Suppose 47*p = 49*p - s. Is p composite?
False
Let l(q) = -2*q**2 - q + 31543. Is l(0) a composite number?
False
Let q(a) be the first derivative of -a**2/2 + 8*a - 8. Let n be q(4). Suppose -289 = 2*g - 4*g + d, -575 = -n*g + 5*d. Is g prime?
False
Suppose 0 = 4*h, d = -4*d - 3*h. Let j be 94/(d - -1) + 0. Suppose 5*q - j = 91. Is q a composite number?
False
Let h = -724 + 303. Let t = 1208 + h. Is t a composite number?
False
Suppose 0 = 4*d + b - 7530, -d + 1672 = -5*b - 221. Is d prime?
False
Let u = 39 - 28. Is 240 + u + -1 + 1 prime?
True
Suppose -6 + 42 = -q. Is ((-3)/(-3) - q) + 0 prime?
True
Suppose 0 = -w + 3400 + 2637. Is w prime?
True
Let b = 22 + -17. Suppose -2*v + y - 56 + 323 = 0, -630 = -b*v - 5*y. Is v a composite number?
False
Let m = -9 - 5. Let l be 12/m*(-70)/15. Let c(y) = 9*y**2 - 4*y + 3. Is c(l) prime?
True
Let h(j) = 6*j - 7. Let r be h(3). Suppose -2914 = -r*f + 265. Is f prime?
False
Let d(c) = 18*c**3 + c**2 - c**3 + 6*c + 2*c**3 - 12 + 3. Is d(2) prime?
False
Let p(l) = 425*l**2 + 28*l + 154. Is p(-5) prime?
True
Let w(p) = -702*p + 32. Let z be w(8). Let j = 8537 + z. Is j composite?
False
Suppose -2*l + l = -5. Suppose 2*m + 12 = l*m. Suppose 41 = r - 2*w, -4*r - m*w = -0*w - 140. Is r a prime number?
True
Let m(x) = 183*x - 22. Suppose -4*b = 8, -4*h + b = -3*b - 60. Is m(h) a composite number?
False
Suppose -26*i - 5*s - 3613 = -30*i, -3*i + 4*s + 2709 = 0. Is i a composite number?
False
Suppose 3630 = -0*y + 6*y. Let g = y - 298. Is g a prime number?
True
Suppose 0 = 3*d + a - 0*a + 103, 2*d + 62 = -4*a. Let m = -14 - d. Suppose 25*i - 3028 = m*i. Is i composite?
False
Suppose -4*b = 940 - 2548. Suppose -4*f + 470 = -b. Is f a composite number?
True
Is 4*(-10)/(-120)*3531 a prime number?
False
Let p(l) = -3*l**3 - 9*l**2 + 11*l - 5. Let t be p(-7). Let j = t - 255. Is j a prime number?
True
Suppose 0 = -6*j - 5035 + 16801. Is j composite?
True
Suppose 5*z + c - 11618 = 0, 5*z + 3*c - 4412 = 7212. Is z a composite number?
True
Is 51752/(-40)*-5*(-1 + 2) a prime number?
True
Let j = 1531 - 132. Is j a composite number?
False
Suppose 3*h + 30 = 7*h + 3*t, -3*t = 2*h - 18. Let y be (3 - 5)/(h/(-45)). Is (938/3)/(10/y) composite?
True
Let r(q) = -q + 1. Let d be r(-3). Suppose -1774 = -d*n - 698. Is n a prime number?
True
Is (3046/(-4))/(1869/938 + -2) a prime number?
False
Suppose 2*h = 2*d + 38, 24 = 2*h + 4*d + d. Let n = h + -14. Suppose -1802 = -2*m - 3*t, -4*t + 4491 = 2*m + n*m. Is m a composite number?
True
Suppose 3*o + 2*g = 25446 + 13069, -3*g - 3 = 0. Is o prime?
False
Suppose 6*t = 306333 + 119289. Is t a prime number?
True
Suppose -3*r = 0, 3*j - 4*r - 57 = -0*r. Suppose -2*q - j = -1113. Suppose -7*u + q = -342. Is u prime?
True
Suppose -4 = -5*x + 6. Let z = 48 + x. Is (2 - -1) + z/1 composite?
False
Let j be 1 + -3 + 9 + -5. Suppose -w - j*w = 4*a - 4213, -2814 = -2*w - 4*a. Is w a prime number?
True
Let o(r) = 227*r**2 - 20*r + 170. Is o(7) prime?
False
Is ((-120129)/92)/((-3)/(-2))*-10 a composite number?
True
